{"id":118,"date":"2017-05-23T21:49:47","date_gmt":"2017-05-24T00:49:47","guid":{"rendered":"http:\/\/www.eas.ufma.br\/?page_id=118"},"modified":"2020-11-24T19:27:52","modified_gmt":"2020-11-24T22:27:52","slug":"trabalho-de-conclusao-de-curso","status":"publish","type":"page","link":"http:\/\/www.eas.ufma.br\/index.php\/trabalho-de-conclusao-de-curso\/","title":{"rendered":"TRABALHO DE CONCLUS\u00c3O DE CURSO"},"content":{"rendered":"<p style=\"text-align: justify;\"><a href=\"http:\/\/www.eas.ufma.br\/wp-content\/uploads\/2017\/05\/TCC-Isadora-2015-1.pdf\">AN\u00c1LISE PRELIMINAR DOS SISTEMAS DE ABASTECIMENTO DE \u00c1GUA E ESGOTAMENTO SANIT\u00c1RIO EM S\u00c3O LU\u00cdS DO MARANH\u00c3O, BRASIL: UM ENFOQUE AMBIENTAL<\/a><\/p>\n<p style=\"text-align: justify;\"><a href=\"http:\/\/www.eas.ufma.br\/wp-content\/uploads\/2017\/05\/ESTUDO-DE-M\u00c9TODOS-PARA-MANUTEN\u00c7\u00c3O-DAS-MEMBRANAS-DOS-SISTEMAS-DE-OSMOSE-REVERSA-DO-HOSPITAL-CARLOS-MACIEIRA-NO-MUNIC\u00cdPIO-DE-S\u00c3O-LU\u00cdS-MARANH\u00c3O-1.pdf\">ESTUDO DE M\u00c9TODOS PARA MANUTEN\u00c7\u00c3O DAS MEMBRANAS DOS SISTEMAS DE OSMOSE REVERSA DO HOSPITAL CARLOS MACIEIRA NO MUNIC\u00cdPIO DE S\u00c3O LU\u00cdS, MARANH\u00c3O\u00a0<\/a><\/p>\n<p style=\"text-align: justify;\">\n<p>&nbsp;<\/p>\n","protected":false},"excerpt":{"rendered":"<p>AN\u00c1LISE PRELIMINAR DOS SISTEMAS DE ABASTECIMENTO DE \u00c1GUA E ESGOTAMENTO SANIT\u00c1RIO EM S\u00c3O LU\u00cdS DO MARANH\u00c3O, BRASIL: UM ENFOQUE AMBIENTAL ESTUDO DE M\u00c9TODOS PARA MANUTEN\u00c7\u00c3O DAS MEMBRANAS DOS SISTEMAS DE OSMOSE REVERSA DO HOSPITAL CARLOS MACIEIRA NO MUNIC\u00cdPIO DE S\u00c3O LU\u00cdS, MARANH\u00c3O\u00a0 &nbsp;<\/p>\n","protected":false},"author":1,"featured_media":0,"parent":0,"menu_order":0,"comment_status":"closed","ping_status":"closed","template":"","meta":[],"_links":{"self":[{"href":"http:\/\/www.eas.ufma.br\/index.php\/wp-json\/wp\/v2\/pages\/118"}],"collection":[{"href":"http:\/\/www.eas.ufma.br\/index.php\/wp-json\/wp\/v2\/pages"}],"about":[{"href":"http:\/\/www.eas.ufma.br\/index.php\/wp-json\/wp\/v2\/types\/page"}],"author":[{"embeddable":true,"href":"http:\/\/www.eas.ufma.br\/index.php\/wp-json\/wp\/v2\/users\/1"}],"replies":[{"embeddable":true,"href":"http:\/\/www.eas.ufma.br\/index.php\/wp-json\/wp\/v2\/comments?post=118"}],"version-history":[{"count":6,"href":"http:\/\/www.eas.ufma.br\/index.php\/wp-json\/wp\/v2\/pages\/118\/revisions"}],"predecessor-version":[{"id":378,"href":"http:\/\/www.eas.ufma.br\/index.php\/wp-json\/wp\/v2\/pages\/118\/revisions\/378"}],"wp:attachment":[{"href":"http:\/\/www.eas.ufma.br\/index.php\/wp-json\/wp\/v2\/media?parent=118"}],"curies":[{"name":"wp","href":"https:\/\/api.w.org\/{rel}","templated":true}]}}