{"id":159,"date":"2017-05-24T11:08:05","date_gmt":"2017-05-24T14:08:05","guid":{"rendered":"http:\/\/www.eas.ufma.br\/?page_id=159"},"modified":"2020-11-24T19:28:14","modified_gmt":"2020-11-24T22:28:14","slug":"pagina-inicial-2","status":"publish","type":"page","link":"http:\/\/www.eas.ufma.br\/","title":{"rendered":"APRESENTA\u00c7\u00c3O"},"content":{"rendered":"<h1><img loading=\"lazy\" class=\"aligncenter wp-image-198 size-full\" src=\"http:\/\/www.eas.ufma.br\/wp-content\/uploads\/2017\/05\/Home.jpg\" alt=\"\" width=\"704\" height=\"280\" srcset=\"http:\/\/www.eas.ufma.br\/wp-content\/uploads\/2017\/05\/Home.jpg 704w, http:\/\/www.eas.ufma.br\/wp-content\/uploads\/2017\/05\/Home-300x119.jpg 300w\" sizes=\"(max-width: 704px) 100vw, 704px\" \/><\/h1>\n<p style=\"text-align: justify;\">O curso de Engenharia Ambiental e Sanit\u00e1ria oferece uma turma por semestre, com 30 vagas. Considerando a soma dos componentes curriculares ministrados no n\u00facleo comum e tecnol\u00f3gico (do BICT e Espec\u00edficas da Eng.), ter\u00e1 carga hor\u00e1ria m\u00ednima de 3.930 horas, totalizando 232 cr\u00e9ditos, com per\u00edodo de forma\u00e7\u00e3o m\u00e9dio em 5 anos (10 semestres) e per\u00edodo de forma\u00e7\u00e3o m\u00e1ximo de 7,5 anos (15 semestres). O curr\u00edculo visa preparar os alunos para dimensionar projetos de sistemas, servi\u00e7os e solu\u00e7\u00f5es sanit\u00e1rias e ambientais adequados as necessidades da comunidade, contribuindo com a salubridade do meio ambiente e prote\u00e7\u00e3o dos ecossistemas. Objetiva tornar o aluno apto a avaliar os impactos ambientais significativos e apontar solu\u00e7\u00f5es para diminuir seus efeitos ou tornar os empreendimentos ecologicamente corretos, atuar na gest\u00e3o e organiza\u00e7\u00e3o dos servi\u00e7os de saneamento ambiental, execu\u00e7\u00e3o de obras, apontar solu\u00e7\u00f5es para o uso sustent\u00e1vel dos recursos h\u00eddricos, gerenciamento e tratamento de res\u00edduos e efluentes, e na implanta\u00e7\u00e3o de a\u00e7\u00f5es para efici\u00eancia produtiva e diminui\u00e7\u00e3o das press\u00f5es sobre os recursos naturais e minimiza\u00e7\u00e3o da gera\u00e7\u00e3o de res\u00edduos<\/p>\n<p style=\"text-align: justify;\"><strong>Perfil do Profissional<\/strong>: O profissional de Engenharia Ambiental e Sanit\u00e1ria colabora com o desenvolvimento socioecon\u00f4mico e ambiental, no acesso a servi\u00e7os essenciais e de infraestrutura urbana melhorando a qualidade de vida da popula\u00e7\u00e3o, principalmente a mais carentes de recursos, promovendo sa\u00fade p\u00fablica e garantindo direitos sociais essenciais previstos na Constitui\u00e7\u00e3o Federal.<\/p>\n<p style=\"text-align: justify;\"><strong>\u00c1reas de Atua\u00e7\u00e3o<\/strong>: \u00d3rg\u00e3os p\u00fablicos, empresas governamentais e privadas, institui\u00e7\u00f5es de ensino superior e de pesquisa.<\/p>\n<p style=\"text-align: justify;\"><strong>Sobre o curso<\/strong><\/p>\n<p style=\"text-align: justify;\">T\u00edtulo: Engenheiro Ambiental e Sanitarista<br \/>\nTurno de oferta: Matutino<br \/>\nModalidade: Presencial<br \/>\nDura\u00e7\u00e3o: M\u00ednimo 5 anos (sendo 3 cursados no BICT) \u2013 M\u00e1ximo 7,5 anos (sendo 4,5 cursados no BICT)<br \/>\nOferta de vagas no Vestibular: 30 vagas, por meio de reingresso ap\u00f3s a conclus\u00e3o do Bacharelado Interdisciplinar em Ci\u00eancia e Tecnologia (via edital espec\u00edfico)<\/p>\n<p style=\"text-align: justify;\"><strong>Coordenador:<\/strong> Prof. Maxwell Ferreira Lobato<\/p>\n<p style=\"text-align: justify;\">\n","protected":false},"excerpt":{"rendered":"<p>O curso de Engenharia Ambiental e Sanit\u00e1ria oferece uma turma por semestre, com 30 vagas. Considerando a soma dos componentes curriculares ministrados no n\u00facleo comum e tecnol\u00f3gico (do BICT e Espec\u00edficas da Eng.), ter\u00e1 carga hor\u00e1ria m\u00ednima de 3.930 horas, totalizando 232 cr\u00e9ditos, com per\u00edodo de forma\u00e7\u00e3o m\u00e9dio em 5 anos (10 semestres) e per\u00edodo &hellip; <\/p>\n<p class=\"link-more\"><a href=\"http:\/\/www.eas.ufma.br\/\" class=\"more-link\">Continue lendo<span class=\"screen-reader-text\"> &#8220;APRESENTA\u00c7\u00c3O&#8221;<\/span><\/a><\/p>\n","protected":false},"author":1,"featured_media":0,"parent":0,"menu_order":0,"comment_status":"closed","ping_status":"closed","template":"","meta":[],"_links":{"self":[{"href":"http:\/\/www.eas.ufma.br\/index.php\/wp-json\/wp\/v2\/pages\/159"}],"collection":[{"href":"http:\/\/www.eas.ufma.br\/index.php\/wp-json\/wp\/v2\/pages"}],"about":[{"href":"http:\/\/www.eas.ufma.br\/index.php\/wp-json\/wp\/v2\/types\/page"}],"author":[{"embeddable":true,"href":"http:\/\/www.eas.ufma.br\/index.php\/wp-json\/wp\/v2\/users\/1"}],"replies":[{"embeddable":true,"href":"http:\/\/www.eas.ufma.br\/index.php\/wp-json\/wp\/v2\/comments?post=159"}],"version-history":[{"count":11,"href":"http:\/\/www.eas.ufma.br\/index.php\/wp-json\/wp\/v2\/pages\/159\/revisions"}],"predecessor-version":[{"id":379,"href":"http:\/\/www.eas.ufma.br\/index.php\/wp-json\/wp\/v2\/pages\/159\/revisions\/379"}],"wp:attachment":[{"href":"http:\/\/www.eas.ufma.br\/index.php\/wp-json\/wp\/v2\/media?parent=159"}],"curies":[{"name":"wp","href":"https:\/\/api.w.org\/{rel}","templated":true}]}}