{"id":324,"date":"2018-05-27T13:10:28","date_gmt":"2018-05-27T16:10:28","guid":{"rendered":"http:\/\/www.eas.ufma.br\/?page_id=324"},"modified":"2018-05-27T13:15:14","modified_gmt":"2018-05-27T16:15:14","slug":"formularios","status":"publish","type":"page","link":"http:\/\/www.eas.ufma.br\/index.php\/formularios\/","title":{"rendered":"FORMUL\u00c1RIOS"},"content":{"rendered":"<p><a href=\"http:\/\/www.eas.ufma.br\/wp-content\/uploads\/2018\/05\/Matr\u00edcula-em-Disciplinas.pdf\">Matr\u00edcula em disciplinas<\/a><\/p>\n<p><a href=\"http:\/\/www.eas.ufma.br\/wp-content\/uploads\/2017\/05\/FORMUL\u00c1RIO-DE-INSCRI\u00c7\u00c3O-PARA-TUTORANDOS.pdf\">Tutoria<\/a><\/p>\n","protected":false},"excerpt":{"rendered":"<p>Matr\u00edcula em disciplinas Tutoria<\/p>\n","protected":false},"author":1,"featured_media":0,"parent":0,"menu_order":0,"comment_status":"closed","ping_status":"closed","template":"","meta":[],"_links":{"self":[{"href":"http:\/\/www.eas.ufma.br\/index.php\/wp-json\/wp\/v2\/pages\/324"}],"collection":[{"href":"http:\/\/www.eas.ufma.br\/index.php\/wp-json\/wp\/v2\/pages"}],"about":[{"href":"http:\/\/www.eas.ufma.br\/index.php\/wp-json\/wp\/v2\/types\/page"}],"author":[{"embeddable":true,"href":"http:\/\/www.eas.ufma.br\/index.php\/wp-json\/wp\/v2\/users\/1"}],"replies":[{"embeddable":true,"href":"http:\/\/www.eas.ufma.br\/index.php\/wp-json\/wp\/v2\/comments?post=324"}],"version-history":[{"count":4,"href":"http:\/\/www.eas.ufma.br\/index.php\/wp-json\/wp\/v2\/pages\/324\/revisions"}],"predecessor-version":[{"id":329,"href":"http:\/\/www.eas.ufma.br\/index.php\/wp-json\/wp\/v2\/pages\/324\/revisions\/329"}],"wp:attachment":[{"href":"http:\/\/www.eas.ufma.br\/index.php\/wp-json\/wp\/v2\/media?parent=324"}],"curies":[{"name":"wp","href":"https:\/\/api.w.org\/{rel}","templated":true}]}}